 -j**3 + n*j**2 - 22*j**2 - 3*j + 7*j + 7*j**2. Let i be -3*(0 + 1)*1. Give a(i).
-3
Let b(y) = -10*y**3 + 2*y**2 + 2*y + 1. Let s(z) = -z + 2. Let k be s(-2). Suppose 4*n = -4*c - 0 + 8, -k*n + 2 = -2*c. Suppose -3*u - 4 = -c. Give b(u).
11
Let r(h) = -h**3 - 5*h**2 - 6*h - 4. Let y be (-21 + 21)/((-1 + 5)/(-2)). Suppose y = 5*x + 45 - 25. What is r(x)?
4
Suppose 0 = d + 3*d - 2*t - 6, -t = -d + 1. Let h(q) = -4*q + 4 - 5*q**d + 3*q**2 - 5 + q**2. What is h(-5)?
-6
Let p = -157 - -58. Let n be p/18 + 3/(-2). Let y(s) = -s - 8. Give y(n).
-1
Let j be 3/(-7) + ((-50)/(-35) - 9). Let k(r) = r**3 + 8*r**2 - r - 4. Give k(j).
4
Let j(x) = -x**2 + x - 1. Let l(t) = -t**2 + 4*t + 6. Let r(u) = -j(u) - l(u). Determine r(5).
20
Let z(h) be the third derivative of -h**7/2520 - h**6/360 + 2*h**4/3 + 6*h**2. Let y(w) be the second derivative of z(w). Suppose 4*j + 15 = 7. Determine y(j).
0
Let h = -45 + 55. Let b(g) = -g**3 + 12*g**2 - 20*g - 6. Let o be b(h). Let p(z) = z**3 + 7*z**2 + 4*z - 8. Calculate p(o).
4
Let b = -75 - -78. Suppose 0*k - b*k = 5*p + 17, -4*k = -3*p + 13. Let h(w) = -w**3 - 5*w**2 - 5*w. Calculate h(k).
4
Let w(z) = -z - 8 + 8 - z**2. Let g be 6/81*-3 - 94/(-423). What is w(g)?
0
Let t(u) = -29*u - 112. Let n be t(-4). Let h(x) = 3*x - x - x**2 + 3 - 4*x + 3*x. Calculate h(n).
-9
Let i(n) be the second derivative of -n**6/120 + n**5/10 - n**4/6 + n**3/2 + 7*n**2/2 + 9*n. Let y(q) be the first derivative of i(q). What is y(5)?
8
Let q(c) = -c**3 - 6*c**2 + 5*c - 74. Let v(a) = -a**3 - 6*a**2 + 5*a - 89. Let u(t) = -6*q(t) + 5*v(t). Calculate u(-6).
29
Let j(c) = -c**3 + 4*c**2 + 4*c - 1. Suppose -4*t = 3*u - 41, 11*u - 14 = 9*u + 4*t. Suppose -3*p + 70 = u*p. Calculate j(p).
-6
Let x(z) = z**2 + 5*z - 8. Let b(w) = w - 1. Suppose -3*q = -f + 14, 4*q + 24 = q + 3*f. Let u(s) = q*b(s) + x(s). What is u(-4)?
3
Let b(t) = -15*t**3 - 25*t**2 - 8*t + 17. Let f(h) = -7*h**3 - 11*h**2 - 4*h + 8. Let l(s) = 6*b(s) - 13*f(s). Determine l(4).
-34
Let o(m) = m**2 - 9*m + 10. Suppose -y = 8*y - 63. Give o(y).
-4
Suppose -12 = -3*w + 3*o, w + 4 = -0*w - o. Suppose w = -5*d + 8*d - 15. Let v(l) = -l**3 + 5*l**2 + 4. Calculate v(d).
4
Let s(q) = q**2 - 9*q + 6. Let d = 36 + -33. Suppose -4*y = -d*y - 8. Calculate s(y).
-2
Let h(f) = -2*f - 163 + 89 + 84. What is h(0)?
10
Suppose 28 = -k + 2*d + 3*d, -5*d + 13 = 4*k. Let j(x) = -x - 3. Let q(c) = c + 3. Let p(i) = k*q(i) - 4*j(i). Let r = -428 + 422. Calculate p(r).
-3
Let y(a) = -a**3 + 5*a**2 - 4*a + 2. Let f be y(2). Let x(s) = s + 4. Let g be x(f). Suppose -7*m = -12*m + g. Let k(c) = 4*c - 2. Determine k(m).
6
Let q(d) = d**3 - 9*d**2 + 16*d - 10. Let y be q(7). Let z(i) = 2*i + i - 2*i**2 - 3 + y*i**2. What is z(-3)?
6
Let l be (22 - 3) + 2/2. Let u = -33 - -33. Suppose 5*h - 9*h - l = u. Let c(b) = b + 6. Calculate c(h).
1
Let v(k) = -4*k - 5. Let o(h) = h - 3. Let s be o(-3). Let r(g) = -g**3 - 6*g**2 + 2*g + 8. Let f be r(s). Give v(f).
11
Suppose -17 = -10*r + 3. Let k(c) = 3 - 5*c**3 - 6*c**2 - 2*c + c**r - c + 4*c**3. What is k(-3)?
-6
Suppose -3*j - 32 = -0*j - 4*l, -2*j - 6 = 5*l. Let r(v) = 19 - 53 + v + 18 + 9 + 16. Calculate r(j).
1
Let c be -1*2/(-6) + (-376)/(-24). Let z(u) = c - 9 - u - 9. Calculate z(-3).
1
Suppose -5*b + 8 = -2. Let n(y) = y - 3*y**3 - 289*y**b + 0*y**3 - y**3 + 288*y**2. Determine n(1).
-4
Let q(m) = -m**3 - 7*m**2 - 6*m - 5. Let u be 16/(-12) + (-56)/(-6) + -2. Suppose 6*s + 18 = 7*s. Suppose 0 = j + 3*f - u, -j + 2*f - s + 4 = 0. Calculate q(j).
-5
Let x(y) = -15*y**2 - 10*y + y**2 - 11 + 15 + 6*y**2 + y**3. Calculate x(9).
-5
Let q be (108/(-24))/(1/(-2)). Suppose -2*y = -q + 1. Let b(r) = -r**3 + 3*r**2 + 2*r + 1. What is b(y)?
-7
Let c(u) = -1. Let i(a) = -a**3 + 7*a**2 + 7*a + 10. Let b(z) = 2*c(z) + i(z). Calculate b(8).
0
Let o = -83 + 87. Let q(l) be the third derivative of -1/40*l**6 - 1/12*l**o + 0*l - 1/6*l**3 + 0 - 4*l**2 - 1/60*l**5. Determine q(-1).
3
Let n = 19 - 15. Suppose -2*l = -4*l + n. Let y(c) = -c - c + l*c - 3 - 4*c. Determine y(-3).
9
Let l(n) = n**3 + 10*n**2 + 10*n + 5. Let r = 6 - -17. Suppose 0 = -r*t + 18*t - 45. Calculate l(t).
-4
Let d(l) = 5*l + 3. Let t = 95 - 95. Suppose t = -12*c - 8 + 44. Give d(c).
18
Let i(u) = -13*u**2 + u. Let f(s) = -s**2 + 20*s - 14. Let r be f(19). Suppose 0 = 2*v + r + 27. Let l = 17 + v. Give i(l).
-12
Let n(r) = 4*r**2 - 6*r**2 - 2*r - 4*r**2 - 1. Suppose 60*i - 59*i - 2 = 0. Suppose t - i = -0*y - y, 0 = -5*t - 2*y + 1. Determine n(t).
-5
Let j(y) be the second derivative of y**4/12 - 3*y**3/2 + 11*y**2/2 - 179*y. Determine j(8).
3
Let o(z) be the first derivative of z**4/4 + 3*z**3 + 3*z**2 - 10*z + 1. Let h be o(-8). Let y(l) = -2 - 3*l**2 + 4*l - h*l + 2*l**2 - 6*l. Calculate y(-3).
13
Let v(s) = -s**3 - s**2 + s + 1. Let t(c) = -5*c**3 - 12*c**2 + c + 13. Let p(j) = -t(j) + 4*v(j). Give p(-8).
-33
Suppose -4*z - 2 + 6 = 4*k, -5*z + 14 = -4*k. Let b(m) = -m - 4. Let v(f) = f**2 - f - 3. Let a(h) = -2*b(h) + 3*v(h). Determine a(z).
9
Let n = -53 - -55. Let x(r) be the second derivative of -r**3/6 + 3*r**2/2 - 8*r. Determine x(n).
1
Let v(s) be the first derivative of -2*s + 1/4*s**4 - 3*s**2 + 4/3*s**3 - 16. What is v(-5)?
3
Let c(p) = 3*p**3 - 3*p**2 + p + 1. Suppose -3*o + k + 3 - 1 = 0, 2 = o + k. What is c(o)?
2
Let a be ((-8)/(-14))/(1 - (-114)/(-126)). Let f(l) be the first derivative of -a*l + 5 + 1/2*l**2. What is f(5)?
-1
Let g(q) = 10*q + 11. Let h(c) = 18*c + 20. Let t(a) = -11*g(a) + 6*h(a). What is t(-2)?
3
Let v = -3 + 5. Let m(x) = -13*x**3 - x**v + 25*x**3 - 10*x**3 - 5*x**3. What is m(1)?
-4
Suppose -9*n = 103 - 112. Let t(c) be the third derivative of c**5/15 + c**4/24 - c**3/6 + c**2. What is t(n)?
4
Let x(f) = f + 6. Let c be -15 + 12 - (-1 + -2). Suppose c = -4*i + 8, i - 3*i = -3*j - 28. Calculate x(j).
-2
Let s = -34 - -35. Let y(z) = 0*z - 3*z + 0*z - s + 4*z. Suppose 6*t - t - 11 = -2*u, 0 = -4*t + 3*u + 18. What is y(t)?
2
Let a be -1 - 24/(-28) - (-58)/14. Let k(s) = a*s - s - s**2 + 2 - 6*s - 3 - s**3. Determine k(-2).
9
Let m be ((-8)/(-32))/(-2*(-2)/(-16)). Let w(u) = 7*u**2 - 3*u - 2. What is w(m)?
8
Let k(z) = z - 106 + 227 - 110. What is k(-9)?
2
Let b(d) be the second derivative of d**4/6 + d**3/6 - d**2/2 + d. Let k(n) = -8*n - 14. Let p be k(-2). Give b(p).
9
Let s(a) be the second derivative of -a**4/6 + 3*a**3/2 - 8*a + 1. Calculate s(4).
4
Let q(d) = 3*d + 13. Let x(n) = -n**3 + 29*n**2 + 64*n - 65. Let c be x(31). Give q(c).
4
Let k(g) = 10*g**3 - 7*g**2 + 13*g + 4. Let z(u) = -7*u**3 + 7*u**2 - 11*u - 2. Let r(s) = 2*k(s) + 3*z(s). Let c = 19 - 13. What is r(c)?
-4
Let r(x) be the second derivative of 5*x**4/6 + 2*x**3/3 + x**2 + 62*x. Determine r(-2).
34
Let x = -3 - 4. Let f(g) be the second derivative of g**4/12 + 7*g**3/6 + g**2 - g + 344. Calculate f(x).
2
Let c(a) = -9*a**2 - a**3 + 39*a - 73*a + 27*a + 10. Let y(j) = -j**3 + 3*j**2 + 2*j. Let i be y(4). What is c(i)?
2
Let k(d) be the first derivative of 5/2*d**2 - 6 - d. Calculate k(-2).
-11
Suppose -9 + 3 = -3*z. Let w be 4/(-14) - 30/(-7). Let p(r) = z - w + 3 + 13*r**2. Calculate p(-1).
14
Let h(k) = -k - 3. Suppose -2*b - 2*y + 21 = 5, -2*b = -2*y - 12. Suppose 0 = s - 1 + b. Determine h(s).
3
Let b(s) be the second derivative of s**3/6 + s**2 + 17*s. Suppose -13*w - 60 = -3*w. Calculate b(w).
-4
Let w(h) = -h**3 - 5*h**2 - 3*h - 12. Let p be w(-5). Let x(f) = -2*f + 0*f + 8*f**2 + f**3 - 3*f - 7 - 2*f**p. Determine x(7).
7
Let p(z) = -z**2 + 9*z - 5. Let h(o) = -o**3 + 5*o**2 - 6*o + 9. Let i(d) = -2*d**3 - 14*d**2 + 2*d + 17. Let w be i(-7). Let q be h(w). Determine p(q).
-5
Let u(p) = 2*p + 2. Let h be 6/(4/(-2)) - -3. Let j(d) = d + 17. Let q be j(h). Suppose -2*x + 5*a + 1 = 2, 0 = -5*x - 2*a - q. What is u(x)?
-4
Let l(z) = 57*z**2 - 31*z**2 - 25*z**2 + 0*z**3 + z**3 + 10*z**3 - z. Calculate l(1).
11
Let w = 133 - 133. Let z be 1 + 2 - (1 - 0). Suppose w = z*q - 8 + 6. Let r(a) = 8*a**3 + a**2 - 1. Give r(q).
8
Let j be (14 + 416/(-24))/((-2)/3). Let w(i) = -2*i**2 + 14*i - 14. Let o(k) = k**2 - 7*k + 7. Let r(l) = -11*o(l) - 6*w(l). Calculate r(j).
-3
Let n(p) = -13*p - 1. Let d(r) = 9*r + 1. Let u(h) = -7*d(h) - 5*n(h). Suppose -2*c + 3 = 2*t - 1, -2*t - c + 6 = 0. Determine u(